, -146 + 428 = 4*q - 2*w. Calculate the greatest common divisor of v and q.
69
Let x(b) = 23*b**2 - 808*b + 70. Let m be x(36). Calculate the highest common divisor of m and 10.
10
Suppose -4*l + 2*l + 5*t = -61, 0 = 4*l - 5*t - 117. Calculate the highest common divisor of 128 and l.
4
Suppose -2*j + 25 = 277. Let k = j + 597. Let u = -328 + k. Calculate the greatest common factor of u and 13.
13
Let q be (475/(-171))/(4/(-36)). Calculate the greatest common divisor of q and 625.
25
Suppose 0 = -73*l + 4307 + 365. Calculate the greatest common divisor of 832 and l.
64
Suppose -p + 54 - 55 = 0, -3718 = -2*t + 4*p. Calculate the highest common factor of t and 3.
3
Let m be -3*374/66*-2. What is the highest common divisor of 114 and m?
2
Suppose 3*g = 5*s - 2481, 301*s - 302*s = 3*g - 489. What is the highest common factor of 765 and s?
45
Let d = 10 + -10. Let c = d - -18. Let f = 739 + -541. What is the greatest common factor of c and f?
18
Let g be 4/(-14) + (2/12 - 321749/(-1302)). Calculate the greatest common divisor of 338 and g.
13
Let q(r) = -r**2 + 182*r - 1225. Let u be q(7). Let b = -26 - -36. Suppose u = -5*l + b + 15. What is the greatest common factor of l and 1?
1
Suppose -6*c - 115 - 155 = 0. Let j be (-68)/(((-100)/c)/(-10)). What is the highest common divisor of 34 and j?
34
Let q(u) = 11 - 430*u + 459*u + 5. Let o be q(1). What is the greatest common factor of o and 27?
9
Let z be 4*(57 - (22 - 9)). Calculate the greatest common factor of 209 and z.
11
Suppose -7*k - f = -527, 33*k - 3*f = 38*k - 381. Calculate the greatest common divisor of k and 9615.
15
Let x be (-2*1 + 1)/(54/37422*-1). What is the highest common divisor of 5148 and x?
99
Let y(j) = 28*j**2 + 25*j - 33. Let q be y(2). What is the greatest common factor of 6 and q?
3
Let x be (15/2 - 9)*2 + (1 - -30). Let l(z) = -307*z**3 + z**2 + z + 1. Let v be l(-1). Calculate the highest common divisor of v and x.
28
Let j be (-1225)/(-28) - (-21)/(-12). Suppose -5*u - j + 197 = 5*d, -4*u = 5*d - 121. What is the greatest common factor of u and 4?
2
Let u(y) = -y**2 + 99*y - 2221. Let d be u(64). Calculate the highest common factor of d and 3097.
19
Suppose -2*v + 109 + 183 = 0. Suppose 5*z = -v - 29. Let b = z - -51. Calculate the greatest common factor of 16 and b.
16
Let a(c) = 3*c**3 - c**2 - c - 2. Let r(t) = -t**2 + 8*t. Let m be r(3). Let d = 17 - m. Let z be a(d). What is the highest common divisor of z and 144?
16
Suppose 59*w - 65*w - 24 = 0. Let a be -362*w/40 - 9/45. Suppose -3*z = 3*m - 27, 45 = 4*m - 2*z + 3*z. Calculate the highest common divisor of m and a.
12
Let g = 392 - 338. Suppose -2*m = 4*q - g, 2*m = 5*m + 5*q - 85. What is the greatest common factor of 63 and m?
7
Let h(d) = -24*d**2 - 425*d + 59. Let w be h(-10). Calculate the highest common factor of 332 and w.
83
Let t be (-1 + 2)/1 + 71. Let p(v) = -v + 42. Suppose 18 + 84 = 3*b. Let c be p(b). Calculate the greatest common divisor of t and c.
8
Let k be (-2 + 40/14)/((-8)/(-19992)). What is the highest common divisor of 21 and k?
21
Let h be (6/(-4)*(-172)/(-129))/((-18)/78795). What is the greatest common factor of h and 170?
85
Suppose -4*u + 3*a = -471, -2*a - 120 = 3*u - 486. What is the greatest common factor of u and 405?
15
Let q be (-2)/(-1)*(-1 + 17). Suppose -2*o = -5*i + 172, -5*i + 17*o + 142 = 20*o. What is the highest common divisor of i and q?
32
Let k = -9073 - -9928. Calculate the greatest common divisor of 19 and k.
19
Suppose 5*u + 1761 = 5*w + 3606, -w = 5*u - 1881. Calculate the greatest common factor of u and 1425.
75
Suppose -24 = o - 4*y + 8, 2*o + 5*y - 1 = 0. Let l = 37 + o. Calculate the highest common factor of l and 50.
25
Let f(u) = 7*u**2 + u - 4. Let c be f(-3). Let k be 77 - ((-78)/(-11) + (130/22 - 6)). Calculate the greatest common factor of k and c.
14
Suppose 3*u - 19 = -40. Let o be 11 + u - (1 - -3). Suppose 5*v = -o*v + 80. What is the greatest common divisor of 2 and v?
2
Suppose -410 - 300 = -8*o + 74. Calculate the greatest common factor of 679 and o.
7
Let r = -15 - -66. Let l(i) = 15*i + 336. Let y be l(-22). What is the greatest common factor of r and y?
3
Let z be 0/7*(-3)/9. Suppose z*m = -m + 29. Suppose 18*k + 663 = 20*k + 5*p, -p - 633 = -2*k. Calculate the highest common factor of m and k.
29
Let u(h) = -h**3 + 11*h**2 - 5*h - 31. Let v be u(8). Let n = -37 + v. What is the greatest common factor of n and 420?
84
Let q(o) = -o**2 + 10*o - 109. Let n(c) = -c**2 + 12*c - 109. Let w(b) = -5*n(b) + 4*q(b). Let i be w(13). Calculate the greatest common factor of 144 and i.
18
Suppose 15*s + 128 = 13*s. Let c = 64 + s. Suppose -2*y + 22 + 20 = c. What is the highest common divisor of y and 21?
21
Let y = 2406 - 2261. Calculate the highest common divisor of y and 20.
5
Let z = 7333 + -6768. Calculate the greatest common factor of z and 2712.
113
Suppose -6 = -k - 0. Suppose -k*i = -i - 190. Let g = 15 - -4. Calculate the greatest common factor of g and i.
19
Let m be -2*(-219)/(-6) - -2. Let c = m - -68. Let i be c/(-4)*1680/14. Calculate the greatest common divisor of 20 and i.
10
Let f = 970 - 967. Calculate the highest common factor of 3 and f.
3
Suppose 41*f - 45*f - 720 = 0. Let l = 207 + f. Calculate the greatest common divisor of l and 270.
27
Let c be (-15)/(-1)*(-52*(-7)/140 - 2). Suppose -5*b + b + 8 = 0. Suppose b*o = c*o - 147. Calculate the greatest common divisor of o and 63.
21
Suppose -9*c = -2*y - 12*c - 13, 3*y - 3*c - 18 = 0. What is the highest common divisor of 821 and y?
1
Let b be (-870)/(-87) - 2*-43. Calculate the highest common divisor of b and 9.
3
Let x = 4879 - 4076. Calculate the greatest common factor of 292 and x.
73
Let n(a) = -4*a**3 - a - 5*a**3 + 6*a**2 + 8*a**3. Let w be n(-6). Suppose -5*u - o - 143 = -w, -5 = o. What is the greatest common factor of 150 and u?
30
Suppose 5*t - 4838 - 352 = 0. Suppose -5*w - 213 + t = 0. Let p(k) = -k**3 - 3*k**2 - 11*k - 18. Let y be p(-3). What is the greatest common factor of y and w?
15
Let a be (4 - (-34)/(-10)) + (-23460)/(-150). Calculate the greatest common divisor of a and 14.
1
Suppose 0 = -3*d + 18, 5*d = 61*t - 60*t - 65. Suppose -7 = -5*x + 18. What is the highest common divisor of x and t?
5
Let a = -77 + 324. What is the greatest common divisor of 969 and a?
19
Let f be 20*((135/(-10))/9)/3. Let j be (-161 + -1)*(f + 14 + -6). Calculate the highest common factor of j and 18.
18
Suppose 49*v + 34113 = -2*v + 156309. Calculate the greatest common factor of 16 and v.
4
Let n = -2413 + 2423. Calculate the greatest common divisor of n and 16.
2
Suppose -172*r = -167*r + 20. Suppose 2*d = 3*d + 4, 0 = -2*n - 3*d + 22. Let s = n + r. Calculate the greatest common divisor of 39 and s.
13
Suppose -25 = -2*q - 10*w + 13*w, 5*q - 85 = 3*w. Suppose 0 = -5*m + 2 + 8. Suppose -d = m*d - 120. Calculate the greatest common factor of q and d.
20
Let q be (3988/(-9) + (-102)/(-918))*-2. Calculate the highest common divisor of q and 2.
2
Let v be 1351/105 - 4/150*-5. Calculate the highest common divisor of v and 8411.
13
Let l be (-2)/(-4)*(-1424)/89 - -682. Calculate the greatest common divisor of 2 and l.
2
Let c(o) be the second derivative of -7*o**3/2 - 7*o**2/2 + 62*o. Let x be c(-1). Suppose 3*s + 1 = 7. Calculate the greatest common factor of s and x.
2
Suppose 2*s - o - 163 = -4*o, 0 = 3*s - 3*o - 222. Calculate the greatest common factor of s and 22.
11
Suppose -499224 = -70*v - 52*v. Calculate the highest common divisor of v and 2.
2
Let p = -3188 - -3202. Calculate the highest common divisor of p and 2226.
14
Let o be (-2)/(2/427) + (1 - -3). Let u = o + 558. Calculate the greatest common factor of 54 and u.
27
Suppose 536*m = 534*m + 3406. Calculate the highest common divisor of m and 13.
13
Let l(o) = -o**2 + 17*o - 15. Let f be l(9). Suppose 49*x + 136 = f*x. Let j be 4/((-4)/(-33)) + 1. What is the highest common divisor of x and j?
17
Let v = -2099 - -2111. Calculate the highest common divisor of v and 2532.
12
Let i be 1 + 1 + 0 - (-9 - 1). Suppose -183 = -2*o + 21. Let l = -54 + o. What is the greatest common divisor of i and l?
12
Suppose 0 = -5*s + 32 - 2. Suppose -2*z + 5*t = -35, 17*z = 12*z + 3*t + 135. What is the highest common divisor of z and s?
6
